{"id":1372,"date":"2019-04-18T14:07:46","date_gmt":"2019-04-18T14:07:46","guid":{"rendered":"https:\/\/goya.everthemes.com\/demo-basic\/?page_id=1372"},"modified":"2021-11-02T14:20:11","modified_gmt":"2021-11-02T14:20:11","slug":"lifestyle","status":"publish","type":"page","link":"https:\/\/dyeggo.com\/store\/lifestyle\/","title":{"rendered":"Lifestyle"},"content":{"rendered":"<section class=\"wpb-content-wrapper\">[vc_row et_full_width=&#8221;true&#8221; et_row_padding=&#8221;true&#8221; css=&#8221;.vc_custom_1607551099081{padding-top: 120px !important;padding-bottom: 80px !important;background-color: #f7d0cb !important;}&#8221;][vc_column][vc_row_inner][vc_column_inner][vc_column_text animation=&#8221;animation left-to-right&#8221;]\n<div style=\"text-align: center;\">\n<h2>Lifestyle<\/h2>\n<\/div>\n[\/vc_column_text][vc_column_text]\n<p style=\"text-align: center;\"><span style=\"color: #808080;\">Cont\u00e1ctanos<\/span><span style=\"color: #993366;\"> <a style=\"color: #993366;\" href=\"https:\/\/dyeggo.com\/store\/contact\/\">aqu\u00ed<\/a> <\/span><span style=\"color: #808080;\">si te interesa saber m\u00e1s.<\/span><\/p>\n[\/vc_column_text][\/vc_column_inner][\/vc_row_inner][\/vc_column][\/vc_row][vc_row][vc_column][vc_media_grid style=&#8221;lazy&#8221; items_per_page=&#8221;8&#8243; element_width=&#8221;3&#8243; initial_loading_animation=&#8221;fadeInUp&#8221; grid_id=&#8221;vc_gid:1635862784174-ddda729b-2ead-5&#8243; include=&#8221;3453,3452,3451,3450,3449,3448,3447,3446,3445,3444,3443,3442,3441,3440,3439,3438,3437,3436,3435,3434,3433,3432,3431,3430&#8243;][\/vc_column][\/vc_row]\n<\/section>","protected":false},"excerpt":{"rendered":"<p>[vc_row et_full_width=&#8221;true&#8221; et_row_padding=&#8221;true&#8221; css=&#8221;.vc_custom_1607551099081{padding-top: 120px !important;padding-bottom: 80px !important;background-color: #f7d0cb !important;}&#8221;][vc_column][vc_row_inner][vc_column_inner][vc_column_text animation=&#8221;animation left-to-right&#8221;] Lifestyle [\/vc_column_text][vc_column_text] Cont\u00e1ctanos aqu\u00ed si te interesa saber m\u00e1s. [\/vc_column_text][\/vc_column_inner][\/vc_row_inner][\/vc_column][\/vc_row][vc_row][vc_column][vc_media_grid style=&#8221;lazy&#8221; items_per_page=&#8221;8&#8243; element_width=&#8221;3&#8243; initial_loading_animation=&#8221;fadeInUp&#8221; grid_id=&#8221;vc_gid:1635862784174-ddda729b-2ead-5&#8243; include=&#8221;3453,3452,3451,3450,3449,3448,3447,3446,3445,3444,3443,3442,3441,3440,3439,3438,3437,3436,3435,3434,3433,3432,3431,3430&#8243;][\/vc_column][\/vc_row]<\/p>\n","protected":false},"author":1,"featured_media":0,"parent":0,"menu_order":0,"comment_status":"closed","ping_status":"closed","template":"","meta":{"footnotes":""},"class_list":["post-1372","page","type-page","status-publish","hentry"],"_links":{"self":[{"href":"https:\/\/dyeggo.com\/store\/wp-json\/wp\/v2\/pages\/1372","targetHints":{"allow":["GET"]}}],"collection":[{"href":"https:\/\/dyeggo.com\/store\/wp-json\/wp\/v2\/pages"}],"about":[{"href":"https:\/\/dyeggo.com\/store\/wp-json\/wp\/v2\/types\/page"}],"author":[{"embeddable":true,"href":"https:\/\/dyeggo.com\/store\/wp-json\/wp\/v2\/users\/1"}],"replies":[{"embeddable":true,"href":"https:\/\/dyeggo.com\/store\/wp-json\/wp\/v2\/comments?post=1372"}],"version-history":[{"count":9,"href":"https:\/\/dyeggo.com\/store\/wp-json\/wp\/v2\/pages\/1372\/revisions"}],"predecessor-version":[{"id":3614,"href":"https:\/\/dyeggo.com\/store\/wp-json\/wp\/v2\/pages\/1372\/revisions\/3614"}],"wp:attachment":[{"href":"https:\/\/dyeggo.com\/store\/wp-json\/wp\/v2\/media?parent=1372"}],"curies":[{"name":"wp","href":"https:\/\/api.w.org\/{rel}","templated":true}]}}